eatest common divisor of 190 and 1045?
95
Calculate the greatest common divisor of 658 and 3760.
94
What is the highest common factor of 81 and 36?
9
Calculate the highest common factor of 1365 and 21.
21
Calculate the greatest common divisor of 507 and 2769.
39
Calculate the greatest common factor of 68 and 1343.
17
Calculate the greatest common factor of 3883 and 22.
11
Calculate the highest common factor of 8 and 488.
8
What is the highest common factor of 28 and 6356?
28
What is the greatest common divisor of 8100 and 150?
150
What is the highest common divisor of 30 and 9318?
6
Calculate the greatest common divisor of 333 and 9.
9
Calculate the highest common divisor of 10 and 3835.
5
What is the highest common divisor of 30 and 318?
6
What is the greatest common divisor of 65 and 299?
13
What is the greatest common divisor of 405 and 105?
15
What is the greatest common divisor of 36 and 13122?
18
What is the greatest common factor of 396 and 44?
44
Calculate the highest common factor of 2070 and 322.
46
What is the greatest common factor of 210 and 3840?
30
What is the highest common divisor of 52 and 12?
4
Calculate the highest common factor of 156 and 195.
39
Calculate the highest common factor of 2 and 2098.
2
What is the greatest common factor of 961 and 155?
31
What is the greatest common divisor of 182 and 18018?
182
Calculate the greatest common divisor of 340 and 20.
20
What is the highest common factor of 1159 and 19?
19
Calculate the greatest common divisor of 4833 and 18.
9
Calculate the highest common factor of 31 and 496.
31
What is the highest common factor of 3780 and 27?
27
What is the greatest common divisor of 2530 and 220?
110
Calculate the highest common divisor of 240 and 1560.
120
What is the greatest common factor of 208 and 2756?
52
Calculate the highest common divisor of 18 and 117.
9
Calculate the greatest common divisor of 52 and 13.
13
What is the greatest common factor of 10767 and 222?
111
What is the greatest common factor of 55 and 33?
11
Calculate the highest common factor of 13 and 221.
13
What is the highest common divisor of 28 and 88?
4
Calculate the highest common factor of 12855 and 60.
15
Calculate the highest common divisor of 1975 and 316.
79
What is the greatest common factor of 31 and 155?
31
What is the highest common divisor of 672 and 21?
21
What is the greatest common divisor of 798 and 28?
14
What is the highest common divisor of 2701 and 146?
73
Calculate the highest common divisor of 97 and 12416.
97
What is the greatest common divisor of 95 and 70?
5
Calculate the highest common divisor of 696 and 24.
24
Calculate the greatest common factor of 22 and 3938.
22
What is the highest common factor of 304 and 684?
76
Calculate the highest common factor of 41582 and 34.
34
Calculate the highest common divisor of 21 and 1659.
21
What is the highest common factor of 14 and 28?
14
What is the greatest common factor of 54840 and 240?
120
What is the highest common factor of 76230 and 90?
90
Calculate the greatest common factor of 704 and 55.
11
What is the highest common divisor of 207 and 45?
9
Calculate the highest common factor of 415 and 5.
5
What is the greatest common factor of 30 and 70?
10
Calculate the greatest common factor of 128 and 488.
8
Calculate the greatest common divisor of 28 and 11480.
28
What is the highest common factor of 2181 and 6?
3
Calculate the highest common divisor of 1632 and 480.
96
Calculate the highest common divisor of 2025 and 30.
15
Calculate the highest common divisor of 490 and 3500.
70
What is the greatest common factor of 8 and 322?
2
Calculate the highest common divisor of 28 and 16.
4
Calculate the greatest common divisor of 3071 and 166.
83
What is the highest common divisor of 1134 and 42?
42
Calculate the highest common divisor of 16118 and 2.
2
Calculate the greatest common divisor of 42 and 1386.
42
What is the greatest common divisor of 1400 and 630?
70
What is the greatest common factor of 1200 and 80?
80
What is the highest common divisor of 37 and 1147?
37
Calculate the highest common factor of 6 and 6.
6
Calculate the highest common divisor of 657 and 3577.
73
Calculate the highest common factor of 1950 and 225.
75
What is the highest common factor of 1818 and 396?
18
What is the greatest common factor of 102 and 68?
34
What is the greatest common factor of 21298 and 46?
46
What is the highest common divisor of 15036 and 28?
28
Calculate the greatest common factor of 204 and 714.
102
Calculate the highest common factor of 816 and 306.
102
Calculate the greatest common factor of 29 and 1363.
29
What is the greatest common factor of 41 and 6?
1
What is the highest common factor of 13 and 52?
13
What is the highest common divisor of 228 and 276?
12
What is the highest common divisor of 12432 and 7?
7
Calculate the highest common factor of 15 and 15030.
15
Calculate the highest common divisor of 486 and 630.
18
Calculate the greatest common factor of 1335 and 30.
15
What is the greatest common factor of 1000 and 80?
40
Calculate the highest common divisor of 114 and 741.
57
What is the greatest common factor of 416 and 39?
13
Calculate the highest common divisor of 558 and 682.
62
What is the greatest common divisor of 2478 and 42?
42
Calculate the greatest common factor of 598 and 322.
46
What is the highest common divisor of 4214 and 98?
98
What is the highest common factor of 5635 and 147?
49
What is the highest common factor of 5661 and 74?
37
What is the highest common factor of 12 and 4332?
12
Calculate the greatest common factor of 19 and 76.
19
Calculate the greatest common divisor of 18 and 438.
6
Calculate the highest common factor of 1104 and 2592.
48
Calculate the highest common divisor of 2042 and 2.
2
Calculate the highest common divisor of 638 and 33.
11
Calculate the highest common divisor of 115 and 53015.
115
What is the highest common divisor of 22 and 198?
22
What is the greatest common divisor of 1143 and 21?
3
What is the greatest common divisor of 688 and 32?
16
Calculate the greatest common factor of 12620 and 20.
20
Calculate the greatest common divisor of 151 and 1963.
151
Calculate the highest common factor of 200 and 160.
40
What is the highest common divisor of 2726 and 94?
94
What is the greatest common factor of 2809 and 159?
53
What is the greatest common divisor of 21 and 7?
7
What is the highest common divisor of 32 and 5144?
8
Calculate the greatest common divisor of 4 and 22.
2
What is the highest common divisor of 3477 and 285?
57
What is the highest common divisor of 6 and 5574?
6
What is the highest common divisor of 20 and 21640?
20
Calculate the greatest common factor of 172 and 1462.
86
What is the greatest common divisor of 171 and 228?
57
What is the highest common divisor of 115 and 22977?
23
Calculate the highest common factor of 2121 and 21.
21
What is the highest common divisor of 795 and 30?
15
Calculate the highest common factor of 4509 and 334.
167
What is the highest common divisor of 182 and 52?
26
Calculate the greatest common divisor of 68 and 2516.
68
Calculate the greatest common factor of 1015 and 5481.
203
What is the highest common factor of 75 and 15?
15
Calculate the highest common divisor of 5740 and 140.
140
Calculate the highest common factor of 1156 and 136.
68
What is the highest common divisor of 2214 and 6?
6
Calculate the greatest common divisor of 174 and 435.
87
What is the highest common divisor of 309 and 6077?
103
What is the highest common factor of 17 and 60877?
17
What is the highest common divisor of 259 and 407?
37
Calculate the greatest common divisor of 99 and 209.
11
What is the highest common divisor of 18 and 126?
18
Calculate the greatest common divisor of 18 and 90.
18
What is the greatest common divisor of 115 and 7?
1
Calculate the highest common divisor of 2025 and 243.
81
What is the highest common factor of 1512 and 1080?
216
What is the greatest common divisor of 146 and 657?
73
What is the highest common factor of 45 and 10?
5
Calculate the greatest common factor of 157 and 5.
1
What is the highest common divisor of 44 and 55?
11
Calculate the highest common divisor of 45 and 2655.
45
What is the highest common factor of 130 and 234?
26
What is the gre